 of 0 - j + 1/20*j**5 - 1/6*j**3 + z*j**2 - 1/4*j**4. Calculate v(3).
0
Let v = 11 - 18. Let j(m) = -3*m**2 + 5*m - 9. Let x(h) = -3*h - 3 + 2*h - h + 4*h - h**2. Let b(u) = v*x(u) + 2*j(u). Give b(2).
-1
Let y(v) = -5*v**2 + 10*v - 23. Let z(k) = k**3 - 2*k - 1. Let h be z(2). Let i(c) = 2*c**2 - 3*c + 8. Let a(u) = h*y(u) + 8*i(u). What is a(-6)?
-5
Let i(y) be the second derivative of -y**5/20 + y**4/6 - 2*y**3/3 + y**2 + 27*y. Calculate i(2).
-6
Suppose -p = -5*p + 484. Suppose -p = -3*n - 31. Let q(i) = -7*i + i**2 + 30 - n. What is q(5)?
-10
Let i(y) be the third derivative of -y**7/420 + y**6/120 - y**5/60 + y**3 - y**2. Let u(g) be the first derivative of i(g). Calculate u(2).
-8
Suppose 11*y = 12*y - 1. Let l(w) = -w**3 - w**2 + 2*w - 1. What is l(y)?
-1
Let h(p) = -p**3 + 5*p**2 + 5*p + 8. Let m be h(6). Let r(i) be the first derivative of m + 1/3*i**3 - 5*i + 5/2*i**2. What is r(-5)?
-5
Let b(q) be the second derivative of -q**4/6 + q**3/3 + q**2/2 + 2*q. Suppose 13 = -5*t - 22. Let g be (4/t)/(2/(-7)). Determine b(g).
-3
Let q(v) = -v**3 + 5*v**2 + 6*v - 1. Let z be q(6). Let y(l) be the first derivative of 5/2*l**2 + 3 + 0*l. Determine y(z).
-5
Let c be (-4 - 2)*2/(-6). Let k(q) = -2*q + 1 + 3*q**c - 2 - 4*q**2. Give k(-4).
-9
Suppose -2*f - 3*f = -10. Suppose i = h - 5, -15 = -h + i + f*i. Let d(p) be the first derivative of p**2/2 - 7*p - 1. Calculate d(h).
-7
Let x(h) = -h**2 - 9*h - 9. Let b be x(-7). Let a(o) = 2*o + b*o - 4 + 0*o + o**2. Let l be a(-8). Let j(c) = -3*c + 5. What is j(l)?
-7
Let y(q) be the second derivative of -q**3/6 - q**2/2 + 5*q. Calculate y(5).
-6
Let v be -1 + 3 - (-8)/(-2). Let h = v - -4. Let p(t) = 2*t - t + 3*t - 2 + t**2 - 2*t**h. What is p(5)?
-7
Let o(v) = v**2 - v + 2. Suppose -2*j + 3*a - 5 = 2*a, 2*a = -j + 10. Suppose j*r = 3*r. Determine o(r).
2
Suppose w - 2*a - 5 = 0, -a - a = -4*w - 4. Let s(m) = -2*m**3 + m**2 + 2*m + 1. Let h be s(-1). Let p(i) = -2*i**h + 3 + 0*i**2 - 2*i + i**2. Calculate p(w).
0
Suppose 0 = y + 4*v - 7, -y + 4*v - v = 14. Let q be (-1)/(4/y - -1). Let j(w) = -w - 3. Give j(q).
2
Let p(u) = u**3 - 2*u**2 - 2*u + 3. Let r be 4 + -1 - 0/1. Calculate p(r).
6
Suppose 3*f + 7 = m, 0 = 2*f - m + 6*m - 1. Let q(t) = -2*t - 1. What is q(f)?
3
Let r = 1 - 0. Let u(y) = 3*y + 1. Let h(z) = -z. Let q(l) = -2*h(l) - u(l). Let p be q(r). Let m(a) = -a**3 - 5*a**2 - 3*a - 1. Calculate m(p).
-7
Let v(s) = -s**3 - s**2 + s - 5. Let m(k) = k**3 + 7*k**2 + 5*k - 6. Let p be m(-6). Suppose 0 = 5*x - p*x. What is v(x)?
-5
Let u(a) be the second derivative of a**3/2 - 2*a**2 + 7*a + 3. Determine u(2).
2
Suppose 2 = -3*w + 8. Let g(l) = 8 - w*l - 3 + 3*l. Let t = 4 + -9. Calculate g(t).
0
Let g(i) = -i - 2. Suppose 3*q + 6 = b - 3, 3*q + 21 = -3*b. Determine g(q).
2
Let h(b) = 5*b**3 + b. Let f(s) = 5*s**2 + 5*s + 2. Let p(i) = -3*i**2 - 2*i - 1. Let m(j) = 4*f(j) + 7*p(j). Let n be m(6). Give h(n).
6
Let q(g) = -5*g**2 + 2*g. Let s = 47 - 45. Determine q(s).
-16
Let r(t) be the first derivative of 11*t**3/3 + t**2/2 + t + 8. Calculate r(-1).
11
Suppose -4*k + 241 = 241. Let y(l) be the third derivative of -l**5/60 - l**4/24 + 2*l**3/3 - l**2. What is y(k)?
4
Let f(g) = -g**3 + 7*g**2 - 6*g + 1. Let q be f(6). Let a(m) = -11*m**3 + m. Give a(q).
-10
Let m(g) = -7*g**3 - 4*g**3 - g + 0*g**2 + 2*g**2 + 0*g. Determine m(1).
-10
Let n(v) = -1. Let h(k) = k + 1. Let r(l) = -2*h(l) - 3*n(l). What is r(4)?
-7
Let s(n) = 5*n**3 + 7*n**2 - 13*n. Let u(t) = -t**3 - 2*t**2 + 3*t. Let x(b) = 2*s(b) + 9*u(b). Suppose 2*p = 3 - 21. Let w = -5 - p. Determine x(w).
4
Let l(s) be the third derivative of -s**6/120 - 7*s**5/60 - 3*s**4/8 - 5*s**3/6 - 18*s**2. Calculate l(-6).
13
Let g(n) be the first derivative of n**5/60 + 5*n**4/24 + 2*n**3/3 + n**2/2 - 1. Let q(t) be the second derivative of g(t). Determine q(-3).
-2
Let m(d) = 2*d - 8. Let q be m(7). Let b = -9 + q. Let w(z) = z - 3. Determine w(b).
-6
Let k(p) = p**3 - 6. Let h(d) = d**2 + 2*d - 1. Let r be h(-3). Suppose 0 = -r*w + v + v - 16, 4*w = v - 17. Let f be 0/((0 - w)/3). Determine k(f).
-6
Let l(r) be the second derivative of -25*r**3/6 + r**2/2 + 76*r. Give l(1).
-24
Let y be -6*(3 - 44/12). Let u(k) be the first derivative of -k**4/4 + 4*k**3/3 - 2*k + 1. Give u(y).
-2
Let n(o) = -o**3 - 4*o**2 + 7*o. Suppose 0 = 4*m + 3*t + 35, -t = -0*t + 5. Give n(m).
-10
Let h(z) = z - 2. Let d be 12/(-4 - -7) + -6. Let c(k) = 6*k. Let m be c(-2). Let l be ((-4)/6)/(d/m). Determine h(l).
-6
Let u(z) = -z + 5. Let c be u(4). Let r(a) = 5*a - 5 - c + 2 + 0. Determine r(3).
11
Let i(a) be the third derivative of -a**4/24 - a**3 + 4*a**2. Suppose 0 = -0*s - 3*s. Suppose 7 = -4*q + 3*y, s*y + y = -2*q - 11. Calculate i(q).
-2
Let g(u) = -u + 11. Let m(p) = -p - 4. Let l be m(-11). Give g(l).
4
Let u be (15 - (-2 + 0)) + -2. Let c(g) = -g**2 + 15*g + 19. Let r be c(16). Suppose -u = -6*l + r*l. Let q(w) = w - 4. Give q(l).
1
Suppose -3*l + 5*l + 3*y - 15 = 0, 0 = -5*y - 15. Let i(a) = l - 12 - a**2. Give i(2).
-4
Let s(w) = -2*w - 1. Let t = -3 + 7. Suppose 8 = 2*r - 2, -t*l - 3*r = -27. Determine s(l).
-7
Let i(q) be the third derivative of 0*q - 1/24*q**4 + q**2 + 0 - 1/120*q**6 + 0*q**3 - 1/20*q**5. Let y = -5 + 3. What is i(y)?
-2
Let l(d) = -d. Let c(a) = -a**3 + 7*a**2 - 4*a + 3. Let j(x) = c(x) + 3*l(x). Calculate j(6).
-3
Suppose -3*y = 0, 0*u - 3*y - 3 = 3*u. Let k(r) = -r**3 - 2*r**2 - r. Calculate k(u).
0
Let t(d) = -2*d**2 - 5*d + 3. Let p be 20/3*6/(-4). Let l(y) = -y**3 - 10*y**2 - y - 2. Let h be l(p). Suppose 4 = -3*v - h. Calculate t(v).
-9
Let h(k) = k + 1. Let v(a) = -15*a**3 + a**2 + a + 1. Let t be v(-1). Let o = t + -11. Let w(b) = -b - 1. Let l(i) = o*w(i) + 6*h(i). Determine l(-3).
-2
Let p = -9 - -15. Suppose c = p*c - 5. Let b(a) = -a + 3 - 2 + 5*a. What is b(c)?
5
Let y(n) = -n**3 + 4*n**2 + 3*n + 6. Let g be 5 - (-1 + 1)/3. What is y(g)?
-4
Let h(t) = t**2 - 4*t. Let b be 0*1/2 - 1. Let q(m) = -m. Let k(r) = b*h(r) + 5*q(r). Suppose -20 + 4 = 3*p - 4*s, -16 = -2*p - 4*s. Determine k(p).
0
Let i(s) be the third derivative of -s**6/360 + s**5/20 + s**4/24 - s**2. Let c(t) be the second derivative of i(t). Calculate c(4).
-2
Let r(v) = 2*v**3 - v**2 + 8*v + 2. Let m(u) = u**3 + 4*u + 1. Let g(s) = 7*m(s) - 4*r(s). Give g(3).
-4
Let v(x) = -4*x**3 - 2*x**2 - 2*x - 1. Let s be (1/(-3))/(2/(-24)). Suppose -2*f = 2*t + 10, f - 3 = -s*f + 2*t. Determine v(f).
3
Let m(o) = -o**3 + 0 - 3 - o**2 + 4 - 2 + 3*o. Calculate m(2).
-7
Let g = -150 - -144. Let c(x) = -x**2 - 3*x - 8. Determine c(g).
-26
Let a be (-4 - -32)/1 - 3. Let p = a + -26. Let t(s) = -16*s. Give t(p).
16
Let q(a) = 9*a - 20. Let w(j) = 6*j - 13. Let h(i) = 5*q(i) - 8*w(i). Determine h(5).
-11
Let d = -4 - -9. Let a(x) = x - 3. Let z be a(d). Let g(i) = -2*i**2 + i - 1. Determine g(z).
-7
Let z(c) = c**3 - 3*c**2 + 2*c - 2. Suppose 3*x + 0 = 9. Calculate z(x).
4
Let h(z) = -z - 4. Let d(o) = -4. Let r(m) = 4*d(m) - 3*h(m). Suppose -2*t + 2*b + 18 = 2*t, 2*b = -5*t + 9. Let k(q) = q**2 - q - 3. Let c be k(t). Give r(c).
5
Let j(c) be the third derivative of -c**6/120 - c**5/15 + c**3/2 + c**2. Let x be (-171)/63 - 4/14. Calculate j(x).
-6
Let g(t) = -7*t**2 + 14*t + 6. Let f(b) = 4*b**2 - 7*b - 3. Let k(l) = -5*f(l) - 3*g(l). Give k(7).
-3
Let y be 1*(1 + 1 - -2). Let m(x) = -5*x**2 - 2*x + x**3 + 0*x + 6*x. Give m(y).
0
Let i(l) be the second derivative of l**3/2 + l**2/2 - l. Let z(w) = -w**2 + w - 2. Let b be z(0). Let d = 3 + b. What is i(d)?
4
Suppose j - 26 = 5*t, 5*j + 0*j - 5 = 0. Let y(r) = -r**2 - 8*r - 6. Give y(t).
9
Let i(n) = -5 + 2*n + 2 - n**3 + 2 - n**2. Suppose -o - 16 = -5*o. Suppose d - 2 = 2*w, 2 = -d + o*w + 8. Calculate i(d).
-1
Let i(k) = 2 + 4*k + 3 - 3*k**2 - 8. Let o(z) = z**3 + 6*z**2 - 9*z - 12. Let j be o(-7). Give i(j).
-7
Let x(g) = 7*g**2 + g. Let a(f) = f**3 + 5*f**2 + 1. Suppose -15 = 5*h - 2*h. Let j be a(h). Determine x(j).
8
Suppose -3*l = -5 - 10. Suppose -2*i + 3*r - 8 = 0, 0*i + l*i = 4*r - 13. Let g(n) = 3*n**2 + 1. Calculate g(i).
4
Let s(d) = -2*d**2 - d + 1 - d**3 - 5*d**2 + 6*d**2. Let x be s(0). Let v(u) be the third derivative of -u**4/24 - u**3/6 - 2*u**2. Give v(x).
-2
Let x(h) be the third derivative of 1/6*h**4 + h**2 + 